2*n - 8319 = w - 27889. Let r = -3606 + n. Is r prime?
False
Suppose 0 = 2*t + 9*w - 11*w - 8, 2*w = -2. Is (t - (-34)/(-8))*-6884 composite?
True
Suppose -4*g - 3*v - 2*v + 125 = 0, -5*g + v = -149. Suppose 25*j = g*j - 5755. Is j composite?
False
Suppose 3*i + 9 = 0, -4*f + i - 36 = -207. Suppose f*j = 14*j + 59108. Is j a prime number?
True
Let o = 16050 + -2320. Suppose -o + 2497 = -a. Is a prime?
False
Suppose 2*p - 2895 = 29091. Suppose 796*l - 802*l = 0. Suppose l = 4*v + 5*v - p. Is v composite?
False
Let g(v) = 396*v - 509. Is g(15) prime?
True
Is (-2504748841)/(-2813) + (-4)/58 a composite number?
False
Let l be (-1136)/(-2) + 0/(-10 + 5). Suppose 326 = r - z, 3*r - l - 435 = -2*z. Is r prime?
True
Let z(j) = 449*j**2 + 24*j + 519. Is z(-68) a prime number?
True
Suppose 3*o = -97 + 370. Suppose -v - 157 = p + o, 0 = p - 2*v + 239. Let y = 538 + p. Is y composite?
False
Suppose 13*o + 211 = -127. Is -30 - o - (-963 + 0) a composite number?
True
Let z = 9072 - 6390. Suppose z = 7*r - 1259. Is r a composite number?
False
Suppose -555853 = -3*j + 5*f, 926403 = 34*j - 29*j + f. Is j a prime number?
False
Suppose 8 + 2 = 2*h + 2*s, 0 = -3*s. Suppose -h*l - 2424 = -13*l. Is l composite?
True
Suppose 4*q + a + 1665 = 72292, -1 = a. Is q a prime number?
True
Let t(m) = -235*m**2 - 5*m - 10. Let j be t(-4). Let c = -2611 - j. Suppose -3*y - 4*i + 3163 + 274 = 0, -y - 3*i + c = 0. Is y a composite number?
False
Let a be 146/14 + 201/(-469). Is (-6165)/25*-43 - 8/a a prime number?
False
Let g be 6/((-3)/(18/4)*-3). Suppose 0*q = -q + k + 10, 0 = g*k + 12. Suppose -246 = -q*a + 72. Is a a composite number?
False
Suppose 14 = 7*i - 7. Let y = i + -3. Is (4 - 237)*((-2 - y) + -1) composite?
True
Let t = -43338 + 283505. Is t a prime number?
False
Let b = -851 + 855. Suppose -8 = -b*d, 0 = -3*r - 4*d - 626 + 7711. Is r a composite number?
True
Suppose -3*h + 0*f + 179364 = 5*f, 5*f = -2*h + 119571. Is h/6 - 126/(-36) a composite number?
True
Let y = -188656 + 363645. Is y composite?
False
Suppose 4*h - 559 + 99 = 0. Suppose -h*f = -122*f + 136661. Is f prime?
False
Let a be -5 - (718074/51 - (-14)/119). Let u = a + 20886. Is u a prime number?
False
Suppose -45*u + 233207 = -32*u. Let k = u + -6498. Is k a composite number?
True
Let g(z) = -6*z**3 + 4*z**2 - 2*z. Let l(d) = -5*d**3 + 4*d**2 - d - 1. Suppose 0 = 3*a - t - 11, a + 7 = -5*t + 32. Let f(q) = a*l(q) - 4*g(q). Is f(-6) prime?
True
Is ((-45053)/(-6))/((-7 - -2)/(-30)) a prime number?
True
Let k(n) = n**2 - 11*n + 21. Let h be k(3). Is (20/(-12))/(9/(-1431)) + h prime?
False
Let t(k) = 67*k - 39. Let m be (-1120)/(-50) - 6/(-10). Is t(m) composite?
True
Let u(v) = -15427*v**3 - 2*v**2 + 3*v + 5. Suppose -36 = 33*s + 3*s. Is u(s) composite?
False
Let l be 3/7 + (-16530)/105. Let t = -117 - l. Is (8/t)/(4/7970)*2 a prime number?
True
Let d = 97 + -90. Let j(t) = 48*t**2 - 5*t - 24. Is j(d) prime?
True
Is 29/(638/44) - -296067 a composite number?
True
Suppose 4*u - u - 2*q = -9284, 3*u = 4*q - 9274. Let o = u - -1191. Let a = 3564 + o. Is a prime?
True
Let j be (-2)/6 - 21799/(-3). Suppose -89615 = -19*z + j. Is z a prime number?
True
Let g(s) = -10748*s**3 - 4*s**2 - 14 - 12 + 42 + s - 12. Is g(-1) composite?
True
Let h(g) = 13*g**2 + 15*g - 150. Let f be h(14). Suppose 3*p - 1560 = -v, -2*p + v = 3*p - f. Is p prime?
True
Let d be 4/10 - (-6008)/5. Suppose z + 294 = -s, -3*s = 5*z + 272 + d. Is (z/(-6))/(6*(-2)/(-18)) a prime number?
False
Let p = -26 - -28. Suppose -p*w - 6*t + 1186 = -4*t, 4*t = -2*w + 1178. Suppose -5*y + 1038 = -w. Is y prime?
False
Let u = 15409 + -6757. Suppose -4*m = 4*n - u, 5*n - 3020 = 3*m - 9493. Is m a composite number?
False
Let m(o) = 1682*o**2 - 45*o - 256. Is m(-11) a prime number?
True
Let y(s) = -s**2 - 12*s + 3683. Let q be (-3)/(-8) - (-9)/(-24). Is y(q) composite?
True
Let d = -18300 - -28561. Is d a composite number?
True
Suppose o = 5*z - 54, -5*o - 2 = -7. Suppose -3*r - z*r = -43414. Is r prime?
False
Let k be (-56)/3*68958/(-72). Suppose 20*w - 6*w - k = 0. Is w a composite number?
False
Let a = -50376 + 148511. Suppose -q + 4*k = 4*q - a, -2*q + 2*k = -39252. Is q composite?
True
Suppose r + 28 = 15*r. Let v(t) = 248*t**3 + t**2 + 4*t - 3. Is v(r) prime?
True
Suppose 41*z - 722622 = -17*z. Is z composite?
True
Suppose -88 = -5*h - 5*p - 8, -2*p = -4*h + 40. Let v = h - -8. Let c = v + 245. Is c composite?
True
Let i(s) = -186*s + 199. Let c be i(-8). Let r = -768 + c. Is r a prime number?
True
Suppose 0 = -678*f + 719*f - 30388093. Is f a composite number?
True
Let k = -505164 - -1355513. Is k prime?
True
Suppose -13 = -6*t - 1. Suppose 3*v + 472 = -t*r, 4*r + 4*v + 697 + 243 = 0. Let u = 328 + r. Is u prime?
False
Suppose -2*v = 2*t - 30208, 43*v - 50*v + 2*t = -105755. Is v a composite number?
False
Let m be (492/36)/(1/(-6)). Suppose -3*j + 4*f + 199 + 222 = 0, f = -4. Let t = m + j. Is t a composite number?
False
Let s(j) = -43*j + 34. Let d be 2/4 + (-84)/(-24) - 4. Let l be d + -1 + 3 + -9. Is s(l) prime?
False
Suppose -4*b = -3*b - 0*b. Suppose b = 21*j - 12*j - 36. Suppose 2*o - 5159 = -s, 0*o + 10317 = j*o + s. Is o a composite number?
False
Suppose -350*k = 197*k - 1247452645. Is k prime?
False
Suppose d = -2*o + 6, 5*d - 4 = o + 2*o. Suppose -c - o*s + 8 = -4*c, -2*c - 5*s = -1. Is (254 - 2) + -3*c/(-6) a composite number?
False
Let m = -244 - -239. Let k(o) be the second derivative of -7*o**3/2 - 11*o**2 + o. Is k(m) a composite number?
False
Let w(q) be the second derivative of 9*q**5/20 - 7*q**4/4 - q**3/2 - 19*q**2/2 + 5*q + 3. Is w(12) a prime number?
True
Let n(j) = -49*j**2 + 155*j + 79. Let a(m) = 33*m**2 - 103*m - 52. Let s(l) = 8*a(l) + 5*n(l). Is s(-16) prime?
False
Suppose 15*h - 24 = -144. Let j = 68 + h. Suppose 5*s - 350 = -j. Is s prime?
False
Suppose -251*b + 256*b = 5*h - 3440570, h - 3*b - 688112 = 0. Is h prime?
False
Suppose 0*z + 87705 = -z + 16*z. Is z a prime number?
False
Let x(q) = q**2 - 19*q + 17. Let v be x(15). Let t = -17 - v. Suppose 4*o - m - 49 = t, 5*o - 5*m - 90 = 0. Is o a composite number?
False
Is (0/(-2) - -7) + 12024 composite?
True
Suppose 2*d = 2*o - 0*d - 25046, -2*o = 4*d - 25034. Let h = -3594 + o. Is h a prime number?
False
Let y(p) = 62*p**3 + 8*p**2 - 6*p + 9. Let a be y(7). Suppose a = 10*c - 21525. Is c prime?
False
Let p = -232 - -226. Is ((-30)/p + -459)/(-1) composite?
True
Suppose x + 5*j - 38181 + 1733 = 0, -5*x - 2*j = -182171. Is x prime?
True
Let u(f) = 746*f**2 + 67*f + 12. Let t be u(-8). Suppose 0*x = -12*x + t. Is x composite?
True
Suppose 11*k - 12 = 15*k, a = k + 6. Suppose -g - 26*z = -24*z - 9659, -3*g = -a*z - 28995. Is g composite?
True
Suppose -17*y + 293 = -472. Is (-2)/(-10) - (-325836)/y a prime number?
False
Suppose -2*u - 2892 = 740. Let y = -523 - u. Is y composite?
True
Let w(u) = -3*u**2 + 17*u + 29. Let m be w(7). Is (m - (-1903 - 2))*56/16 composite?
True
Let t be -36670*(-4)/64 - (-2)/16. Let o = t + -1415. Is o composite?
False
Let v be -93*(-35)/45*3. Let m = 354 - v. Let u = m + 702. Is u prime?
True
Let s(l) = -15*l + 104*l**2 - 59 + 95*l**2 - 196*l**2. Is s(17) prime?
False
Let q(l) = 11*l**2 - 2*l. Suppose 5*x - 46 = -51. Let p be q(x). Let s(m) = 3*m**2 - 17*m + 7. Is s(p) a composite number?
False
Let a(w) = -w**2 + 14*w - 24. Let k be a(4). Suppose 0 = k*x + 8*x - 20616. Is x prime?
True
Suppose -3273*o - 351969 = -3274*o - z, -z + 1759813 = 5*o. Is o a composite number?
True
Let l be (220/(-50))/((-3)/15). Suppose 4*c + 6 - 2 = 0. Is (1 - c)*2761/l a composite number?
False
Let n(d) = -3809*d - 23. Let x be n(-9). Suppose 4*a - x = -3*q - 0*q, -5*a = -q - 42813. Is a prime?
True
Suppose 3*f + 0*f = 0. Suppose 3*q - 39 = -f*q. Suppose 3425 = q*y - 8*y. Is y composite?
True
Let l = -1416 - -2701. Let g = l - 650. Is g a composite number?
True
Suppose -4*u - 10 = -30. Suppose 3*v - 2168 = v + 3*p, u*p + 2160 = 2*v. Suppose h - 5*g = -0*h + 248, 5*h = -5*g + v. Is h a prime number?
True
Let s = -21 + 37. Let a be 24/10 - s/40. Let k(q) = 451*q + 3. Is k(a) prime?
False
Suppose 0 = 10*q - 36*q - 224900. Let j = 19337 + q. Is j composite?
False
Let g(s) = -1. Let i(w) = 2*w + 8. Let f(u) = -6*g(u) + i(u). Let q be f(-9). Is ((-3)/12 + 2797/q)*-2 a co